 = -y - 20. Let u be r(-23). Calculate the greatest common divisor of 3 and u.
3
Let z = 28 - 16. Suppose 0*v = 3*v - 4*v. Suppose 10*r + 142 - 982 = v. What is the greatest common divisor of z and r?
12
Let u(w) = 14*w - 40. Let l be u(7). Suppose l - 142 = -3*o. What is the highest common factor of 140 and o?
28
Suppose 5*j - 7 = 38. Let z(v) = v**2 - 2*v + 3. Suppose 2*l - 10 = 0, l - 35 = -5*x - 0*l. Let s be z(x). What is the greatest common factor of s and j?
9
Let z(q) = -q**3 - q - 422. Let n be z(0). Let s = n - -678. Let r = s - 130. What is the greatest common divisor of 14 and r?
14
Let j be -3*((-4)/(-12))/((-2)/22). Let q(s) = 3*s**3 + 2*s**2 + 3*s + 2. Let a be q(-2). Let o = a + 108. Calculate the greatest common factor of j and o.
11
Let y(n) = 7 + n + 3 + 0*n. Let s be y(0). Let l be (5 - (4 - 1)) + 2. What is the highest common divisor of l and s?
2
Let m(n) = -6*n + 42. Let b be m(-25). Calculate the greatest common factor of b and 12.
12
Suppose 82 = 2*s - 2*j, 16*s = 21*s + 5*j - 245. What is the greatest common factor of s and 840?
15
Let g(f) = f**2 - f - 47. Let c be g(11). Calculate the greatest common divisor of 9 and c.
9
Suppose 2*v = 467 - 9. Let j = -64 + v. What is the greatest common factor of j and 15?
15
Let y(k) = -7*k - 1. Let u be y(-1). Suppose -4*r + 22 + 50 = 0. What is the highest common divisor of u and r?
6
Let s(c) = c**3 - c**2 - c + 24. Let m be s(0). Let u(h) = 22*h - 148. Let q be u(7). What is the greatest common divisor of m and q?
6
Let a = -1188 + 1258. Let i = 33 - 19. What is the highest common divisor of i and a?
14
Let b = 35 - 30. Suppose -b*s + n + 130 = 0, 3*s = 4*n - 7*n + 96. Calculate the highest common divisor of 3 and s.
3
Let y(l) be the second derivative of -41*l**3/6 + 5*l. Let u be y(1). Let r = -28 - u. What is the greatest common factor of 143 and r?
13
Let w = 80 - -13. Let v(s) = -s**3 - 17*s**2 + 13*s - 10. Let t be v(-19). Let i be ((-2)/3)/((-10)/t). What is the greatest common factor of w and i?
31
Let b be ((-36)/(-5))/((-2)/(-10)). Let z = b - 40. Let n(d) = d + 8. Let i be n(z). Calculate the highest common divisor of 20 and i.
4
Let h(v) = 4*v**2 + 71*v + 2. Let i be h(-18). What is the greatest common factor of 310 and i?
10
Let l(t) = t**2 - 5*t + 11. Let y be l(15). Suppose -2*m - 46 = -4*m. Calculate the greatest common divisor of m and y.
23
Suppose 5*g + 8*k - 300 = 4*k, 0 = g - 3*k - 60. Let l = 73 - g. Calculate the highest common factor of l and 65.
13
Let o = -201 - -326. Calculate the greatest common factor of o and 25.
25
Let p be 74 + 0 + (-2 - 0). Let h = -27 + 29. Suppose 4*a + 12 = 0, 0 = h*x + 3*x + a - 42. What is the highest common factor of x and p?
9
Suppose -901 = -24*a + 1187. Calculate the greatest common divisor of 29 and a.
29
Let p = -135 + 144. Suppose -p*a + 92 = -7. What is the highest common factor of a and 88?
11
Let h be (-2 + 147)*9*(-9)/(-81). What is the highest common factor of h and 10?
5
Suppose -3*z - v = -5*v + 2144, -5*z - 5*v = 3550. Let c be z/(-36) - (-4)/18. Let l = c - 10. What is the greatest common divisor of l and 70?
10
Let x(s) = 8*s - 1. Suppose 0 = -u + 7 + 3. Let w = u - 8. Let o be x(w). What is the highest common factor of 3 and o?
3
Let i = -54 - -52. Let f be (-8)/(-6) + i - (-15)/9. Calculate the highest common divisor of 1 and f.
1
Let s be (9/6)/((-4)/(-24)). Suppose 4*i = -2*h - 104, -2*i + 3*i = -3*h - 16. Let g = -19 - i. Calculate the greatest common factor of s and g.
9
Let r = -18 + 30. Let l = 23 - 34. Let v be r/2 + -3 - l. What is the greatest common factor of 140 and v?
14
Suppose -6 = -3*l + 3*r, 4*l = -5*r + r + 40. Suppose 0 = 5*h + l - 321. Suppose 2*x - 5 = 1, 0 = 5*y - 5*x - 20. What is the highest common factor of h and y?
7
Let m(o) = 3*o**3 + 3*o - 34. Let x be m(3). Calculate the greatest common divisor of 464 and x.
8
Let x be (136/(-6) - -2)*-6. What is the greatest common divisor of x and 93?
31
Let k = 16 + -14. Let a = -44 + 46. Calculate the greatest common factor of k and a.
2
Let q(v) = 2*v - 6. Let z be q(6). Let p be (3/((-45)/(-100)))/((-2)/(-24)). Let m be 12/(((-64)/p)/((-4)/10)). Calculate the highest common divisor of m and z.
6
Let x = 5 + 4. Let a be 3*(-8)/(-30) + (-1555)/(-25). Calculate the highest common divisor of x and a.
9
Suppose -2*k = 2, 0 = 4*z - 5*k + 2*k - 23. Suppose v - 3*m - 58 = -3*v, 2*v - 22 = z*m. What is the greatest common factor of 4 and v?
4
Let c be (18/(-4))/(72/(-48)). Suppose 35 + 40 = 2*u + c*l, -4*u - 4*l + 160 = 0. Calculate the greatest common divisor of 15 and u.
15
Suppose 5*t = -z + 50 + 165, 0 = -4*z - 3*t + 792. Calculate the greatest common divisor of z and 52.
13
Let q = 200 + -173. Calculate the greatest common divisor of 9 and q.
9
Suppose 3297 = a - 5*h, -a + 0*h + 3321 = 3*h. Let w be a/84 + 3/(-7). Calculate the highest common divisor of 3 and w.
3
Let b(i) = 28*i + 4. Let q be b(3). Let y(a) = 8*a - 7 + 5 - a**2 - 5. Let k be y(5). What is the highest common factor of q and k?
8
Let b = -8 - -13. Suppose b*y + 5 = 10. What is the highest common divisor of y and 7?
1
Let s = 57 - -41. Let g(x) = -12*x + 2. Let v be g(-1). Calculate the highest common factor of v and s.
14
Suppose 4*r = -z, -3*z + 30 = -z - 2*r. Suppose -15*a + z*a = -132. Calculate the highest common divisor of a and 176.
44
Let o = 36 - -112. Suppose 0 = 4*l + 52 - o. What is the highest common factor of l and 24?
24
Suppose -3*y = -30 - 24. Suppose 2*q + 12 = 3*q. Calculate the highest common factor of q and y.
6
Let l(p) = -10*p - 3 + 7 + 9*p - 3 + 34*p**2. Let a be l(1). Let v be 4*-1 + (12 - -77) - 0. Calculate the greatest common factor of a and v.
17
Let s(d) = 12*d - 12. Suppose 0*g - g = -5*z + 12, -3*g = -z - 34. Let q be s(g). Suppose 5*h - 88 = -8. Calculate the highest common factor of h and q.
16
Let z = -537 - -354. Let c = -157 - z. Suppose -42 - 166 = -4*u. Calculate the greatest common divisor of c and u.
26
Let l = 82 + -80. Suppose l*z - 112 = -2*z. What is the greatest common factor of 4 and z?
4
Suppose 2*l - 6*l = 4*f - 452, 0 = -l + 2*f + 110. Let w = -53 - -281. Suppose 4*s - l = w. Calculate the greatest common divisor of s and 17.
17
Let j be (-20)/3*27/(-5). Let i = -19 + 67. What is the highest common divisor of j and i?
12
Suppose 2*k - 12 = -k. Let p be (-26)/(-4) + (-6)/k. Suppose 5*g - 11 = -4*m, 3*m + 13 = 5*g + p*m. What is the highest common divisor of g and 33?
3
Suppose -3*l + 3 = 0, -5*m + 0*m = -3*l - 572. Let x be ((-92)/10)/(4 - 105/25). What is the greatest common factor of x and m?
23
Let z be (12/10)/(6/20). Let w(n) = 34*n**2 + 4*n - 2. Suppose -9*d + 4 = -5*d. Let r be w(d). Calculate the highest common factor of r and z.
4
Suppose -14*x = -17*x + 72. Let h be (x/(-2))/(6/(-15)). Calculate the highest common divisor of 75 and h.
15
Let j be 778/13 - (-14)/91. What is the greatest common divisor of 75 and j?
15
Let m be -6 + 11 - (0 + 3). Suppose 4*n = -a - 0*n - 5, -m*n = -4*a + 70. Calculate the greatest common divisor of a and 165.
15
Suppose -h = 3*y - 26, 5*h - 130 = -2*y - y. What is the greatest common factor of 1235 and h?
13
Suppose f - 416 = -7*f. What is the highest common divisor of f and 13?
13
Let u(v) = v + 26. Let b be u(-13). Suppose -2*q + 195 = q. What is the greatest common divisor of q and b?
13
Suppose -4*u + 25 = -3*z + 149, 2*z - 4*u = 88. Let w = -11 - -5. Let v be w/((-1)/1*4/8). What is the greatest common divisor of v and z?
12
Suppose -k + 12 = 3*h + 2, -2*h = 2*k - 8. Suppose 6*q = h*q + 42. What is the greatest common divisor of q and 14?
14
Suppose 1135 = -15*g + 5335. Calculate the highest common divisor of 245 and g.
35
Let k(n) = -2*n**2 + n + 1. Let a be k(0). Let f be (a/(-3))/(12/(-144)). Let b = f - -14. Calculate the highest common divisor of 18 and b.
18
Let b be (-3550)/(-15) + (66/(-18))/(-11). Calculate the greatest common divisor of 158 and b.
79
Let d be 615/27 + -4*3/(-54). What is the highest common factor of 23 and d?
23
Let l be -141*(238/(-42))/17. Let j be ((-94)/(-8))/(2/8). What is the highest common factor of j and l?
47
Let n(a) = a + 5. Let k be n(6). Let w(y) = 2*y**2 - 3*y + 2. Let z be w(3). Let t be z/((-12)/(-10) - 2/10). Calculate the highest co